b = -5*u - 9. Suppose -b = -4*a + 149. Let k = 185 - a. What is the units digit of k?
7
Suppose -8*s - 163 = -451 - 5408. What is the tens digit of s?
1
Let s = -23475 + 39686. What is the tens digit of s?
1
Suppose -7*u = 8*u - 150. What is the hundreds digit of ((-428)/u*2)/(66/(-495))?
6
Let y(p) = 160*p + 22. Let h be y(26). Suppose 13*f = 524 + h. What is the tens digit of f?
6
Suppose -7*f - 65 = -37. What is the units digit of (2 + f)/((-5)/440)?
6
Suppose 5*t + 0*f + 4*f = 13933, f + 8353 = 3*t. What is the tens digit of t?
8
What is the ten thousands digit of (39/26 + -3)/(3/(-56242)) + -5?
2
Let z be (10 - 19)/((-1)/12). Suppose -2*l - z = 2*l. Let t = 36 + l. What is the units digit of t?
9
Suppose 3*t + 66 = 192. Suppose 16*k + 126 = 19*k - 3*h, -k - 4*h + 37 = 0. Let l = t - k. What is the units digit of l?
1
Let a(j) be the first derivative of -3*j**4 + 2*j**3/3 + 7*j**2/2 + 6*j + 56. What is the units digit of a(-3)?
7
Let c(j) = 180*j + 207. Let b(h) = -89*h - 104. Let y(f) = 7*b(f) + 3*c(f). What is the tens digit of y(-15)?
3
Let q(a) = a**3 - 3*a**2 - 7*a - 11. Let h be q(5). Suppose -i - 78 = -h*w - 27, 4*i + 204 = 2*w. Let k = i + 295. What is the hundreds digit of k?
2
Let o(r) = -35*r**2 + 6*r - 2. Let x(q) = 35*q**2 - 6*q + 3. Let a(m) = 4*o(m) + 5*x(m). What is the hundreds digit of a(3)?
3
Let s(z) = 5*z**2 + 5*z - 4. Let o be (-1 + 5)/1 - (-237)/3. Let y = o + -90. What is the tens digit of s(y)?
0
Let y be 5 - ((-24)/(-2))/3. Suppose 0 = -x - y + 113. What is the hundreds digit of x?
1
Let c = -153 - -158. Suppose c*y - 3650 - 669 = 4*n, -2*y + 1728 = -2*n. What is the hundreds digit of y?
8
Let a(u) = 52*u**2 + 15*u - 5. Let y = -86 + 89. What is the tens digit of a(y)?
0
Let x be ((-4)/2 + -2228)/(-7 + 5). Let f = -709 + x. What is the tens digit of f?
0
Let x(k) = k**3 + 4*k**2 - k - 10. Let a be x(-3). Suppose a*p - 10 = -4*f, -5*p + 2 = 5*f - 23. Suppose -138 = -p*i - 18. What is the units digit of i?
4
Suppose n + 3*i - 3302 = 591, -2*n = -2*i - 7770. What is the thousands digit of n?
3
Suppose 0 = 8*b + 89901 - 313213. What is the hundreds digit of b?
9
Let u(q) = 2080*q**3 + 2*q**2 + 2*q - 5. Let n be u(1). Suppose 2082*o = n*o + 801. What is the hundreds digit of o?
2
Suppose -5*c = -3*y + 18811, 7*c = 4*c + 12. What is the tens digit of y?
7
Suppose 162818 = 4*g + 2*q - 4*q, 0 = 5*g + q - 203526. What is the thousands digit of g?
0
Let i(o) = -o + 1. Let q(t) = 3*t - 8. Let d(z) = -2*i(z) - q(z). Let h be d(2). Suppose h*j = -3*r + 377, 2*j + 0*r - 185 = -5*r. What is the tens digit of j?
9
Suppose -2*x - 290 = 5*y, 5*y + 291 = -x - 4. Let u = -57 - y. Suppose -4*w + 731 = p, -2*p + u*p = w - 179. What is the hundreds digit of w?
1
Let u = 6 - 22. Let h be 4/u*-20 - (-6)/(-2). Suppose y - h = 0, 3*f + y + 0*y - 434 = 0. What is the hundreds digit of f?
1
Suppose -226*b - 14576 = -f - 231*b, -4*b = -2*f + 29054. What is the units digit of f?
1
Let n(r) = -2*r**2 - r + 2. Let j be n(-2). Let v(x) = 24*x**2 + 5*x - 2. What is the tens digit of v(j)?
6
Suppose 20*y - 4759 = 17041. Suppose 3*b = -5*d + y, -4 - 6 = 2*b. Suppose 668 = 3*k - 5*i, -k = i - 3*i - d. What is the hundreds digit of k?
2
Suppose -118 = -2*p - 0*p. Let q = p + -41. Let h = q + 24. What is the tens digit of h?
4
Suppose 48*f = 44*f - 16. Let y be (-780)/(-66) - (8/11)/f. Suppose 0 = y*l + 113 - 1757. What is the hundreds digit of l?
1
Let y(s) = 4*s**2 - 4*s + 4. Let r be y(1). Suppose 6*p - 5*p - r*x - 356 = 0, 0 = 4*x. What is the tens digit of p?
5
Suppose -9*b + 68930 = -23464. What is the thousands digit of b?
0
Suppose -4*q + 5*s + 55 = -58, 3*s + 3 = 0. Let f = 79 + -54. Suppose -f*w + q*w = 126. What is the tens digit of w?
6
Let i be ((-5)/((-15)/6))/(2/(-1)). Let r(y) = 84*y**3 - 2*y**2 - y. Let c be r(i). Let j = -47 - c. What is the tens digit of j?
3
Let x = -22608 + 39986. What is the ten thousands digit of x?
1
Let f(u) = -u**3 + 7*u**2 + 20*u - 9. Let w(p) = p**2 - 2*p. Let h(y) = f(y) + 4*w(y). What is the units digit of h(-7)?
9
Suppose -9855 = -7*k + 18747. What is the units digit of k?
6
Let f = -74 - -73. Let j = 17 - f. Suppose -14*o - 108 = -j*o. What is the tens digit of o?
2
Suppose -92*y + 3*u = -94*y + 4332, 2*y - 5*u = 4332. What is the hundreds digit of y?
1
Let h(k) be the first derivative of k**3 - k**2 - 5*k + 17. What is the tens digit of h(9)?
2
Suppose -4 = -y + 4*n - 24, -4*n = y - 20. Suppose y = g - 186 - 126. What is the tens digit of (g/65)/(3/20)?
3
Suppose 3*x - 6 = -2*h, 4*x - 5*h = 14 - 6. Suppose -3*r = -105 - 102. Suppose -r = -f + t + t, -x*f + 131 = 3*t. What is the tens digit of f?
6
Let a = -6180 + 29183. What is the tens digit of a?
0
Suppose -285 = -5*n + 5*b, -b + 60 = n + b. Let g be -1 + n/(-4)*-2. Suppose -o = -16 - g. What is the units digit of o?
4
Let g(q) = -q**2 - 6*q + 6. Let s(j) = -j**2 + 13*j + 9. Let y be s(14). Let o be g(y). Suppose -o*b + 10*b + 70 = 0. What is the tens digit of b?
7
Let k(m) = 15*m**2 - 15. Suppose -53*j + 4 = -52*j. What is the units digit of k(j)?
5
Let r be -1*(-569 + 10/(-2)). Let l = 29 + -25. Suppose -3*a + 431 = -4*u, 0*a - r = -l*a + 5*u. What is the tens digit of a?
4
Let h(m) = 2*m - 5. Let a be h(-7). Let o = a + -35. What is the tens digit of (14/3)/((-6)/o)?
4
Suppose -10*x + 50830 = 12*x - 9*x. What is the tens digit of x?
1
Let i be 1121/57*(-4 - (-3)/3). Let t = i - -482. What is the hundreds digit of t?
4
Let d(g) = 12480*g - 1731. What is the ten thousands digit of d(3)?
3
Let k(m) = -m**3 - 2*m**2 + 30*m - 13. Let i be 3/(6/4)*(-1 - 4). What is the hundreds digit of k(i)?
4
Suppose -2*i + 9991 = -15*c, -3*i + 11*c = 14*c - 14859. What is the tens digit of i?
5
Suppose 0 = 8*l - l - 0*l - 47943. What is the units digit of l?
9
What is the thousands digit of (-689474)/(-40) + (-2)/8 - 330/550?
7
Suppose -42*x + 35*x + 399165 = 159842. What is the units digit of x?
9
Let x be (0 + (-42)/49)*-7. Suppose -x*c + 834 = -1938. What is the hundreds digit of c?
4
Suppose 0 = -4*m, m = 2*a - 1411 - 3053. Suppose -40602 = -33*v + a. What is the tens digit of v?
9
Suppose 11*x = 13*x - 32. Suppose 15*d - x*d = -99. Suppose -2*m - j = -175, -4*j - 71 = -2*m + d. What is the units digit of m?
7
Suppose -n - 5 = 0, 3*n + 19 = 2*m - m. Let h be (-56)/(-35) - 747/45*1. What is the hundreds digit of -1*m/20 + (-3033)/h?
2
Let w be (-4)/12 + 15/(-9). Let v be w - ((-168)/3)/(-4). What is the units digit of (-18)/(-4)*v/(-8)?
9
Let c be 8*(190/(-20))/(-19). Suppose -2*a = 6, a + 930 = c*m - 489. What is the tens digit of m?
5
Let b(v) = 26*v - 4. Let z = 53 - 61. Let x(o) = o**3 + 9*o**2 + 6*o - 11. Let j be x(z). What is the units digit of b(j)?
6
Suppose 3*v - 4*w = w + 116, 0 = 2*v + 4*w - 48. Let z = -29 + v. Suppose -z*c = 0, 310 = 5*x - 0*x + 5*c. What is the units digit of x?
2
Let y(t) = 6*t - 8. Let f(d) = 11*d - 17. Let g(i) = -2*f(i) + 5*y(i). Let j be g(-8). What is the units digit of ((-6)/4)/(15/j)?
7
Let x(g) = 88*g**2 + 75*g + 856. What is the thousands digit of x(-9)?
7
Let b(s) = -21*s**2 + 29*s + 54. Let g be b(-2). What is the tens digit of (-1 + -305)*g/66?
0
Let c = -3510 + 1522. Let i = c + 2851. What is the tens digit of i?
6
Let r(y) = 2527*y**2 - 475*y - 2382. What is the hundreds digit of r(-5)?
1
Let u(l) = 12*l**2 + 54*l - 217. What is the units digit of u(6)?
9
Let h be 2/1*1/(-2). Let v(z) = 64*z**2 + 222*z - 4 - 219*z + 4. What is the units digit of v(h)?
1
Let u = 1853 - 500. Let r = -523 + u. Suppose 4*c - c - 826 = -4*x, 4*x - r = -5*c. What is the units digit of x?
5
Let f = 8377 + 2691. What is the hundreds digit of f?
0
Suppose -g + 2*q + 3704 = 0, g + 2*q + 207 = 3887. What is the hundreds digit of g?
6
Let h be 42/(-11) - -4 - (-675)/99. Suppose d - 6*r = -h*r + 1349, -4*r - 12 = 0. What is the units digit of d?
2
What is the tens digit of (102/4)/(39/7150)?
7
Suppose 0 = -3*i - 2*i. Suppose i = 6*p + p - 42. Let k = p + 123. What is the hundreds digit of k?
1
Let b(k) = -138*k - 294. Let z be b(-17). Suppose -j + z = h, -4*h = 2*j - 953 - 3151. What is the hundreds digit of j?
0
Suppose 5*t - 11333 = -3*z + 4025, -6148 = -2*t - 2*z. What is the units digit of t?
8
Let s be 3/(((-21)/1932)/((-1)/4)). Suppose -5